 are the prime factors of 5338?
2, 17, 157
What are the prime factors of 1098?
2, 3, 61
What are the prime factors of 1339?
13, 103
What are the prime factors of 501?
3, 167
List the prime factors of 3901.
47, 83
List the prime factors of 17238.
2, 3, 13, 17
List the prime factors of 1692.
2, 3, 47
List the prime factors of 9553.
41, 233
List the prime factors of 23530.
2, 5, 13, 181
What are the prime factors of 6239?
17, 367
What are the prime factors of 4727?
29, 163
What are the prime factors of 62072?
2, 7759
List the prime factors of 9153.
3, 113
What are the prime factors of 2150?
2, 5, 43
What are the prime factors of 3745?
5, 7, 107
What are the prime factors of 7889?
7, 23
What are the prime factors of 1066?
2, 13, 41
What are the prime factors of 1031?
1031
List the prime factors of 138.
2, 3, 23
What are the prime factors of 58892?
2, 14723
What are the prime factors of 651?
3, 7, 31
What are the prime factors of 11868?
2, 3, 23, 43
List the prime factors of 5953.
5953
What are the prime factors of 3288?
2, 3, 137
List the prime factors of 5444.
2, 1361
List the prime factors of 1074.
2, 3, 179
List the prime factors of 1666.
2, 7, 17
What are the prime factors of 6822?
2, 3, 379
List the prime factors of 3050.
2, 5, 61
What are the prime factors of 7626?
2, 3, 31, 41
What are the prime factors of 14328?
2, 3, 199
List the prime factors of 236.
2, 59
List the prime factors of 988.
2, 13, 19
What are the prime factors of 605?
5, 11
List the prime factors of 715.
5, 11, 13
What are the prime factors of 1244?
2, 311
List the prime factors of 5112.
2, 3, 71
What are the prime factors of 5399?
5399
List the prime factors of 35570.
2, 5, 3557
List the prime factors of 562.
2, 281
List the prime factors of 793.
13, 61
What are the prime factors of 45075?
3, 5, 601
List the prime factors of 1337.
7, 191
List the prime factors of 19572.
2, 3, 7, 233
What are the prime factors of 14989?
13, 1153
What are the prime factors of 26881?
26881
List the prime factors of 1425.
3, 5, 19
List the prime factors of 22126.
2, 13, 23, 37
What are the prime factors of 3651?
3, 1217
What are the prime factors of 54449?
54449
What are the prime factors of 16146?
2, 3, 13, 23
What are the prime factors of 1114?
2, 557
What are the prime factors of 51139?
11, 4649
List the prime factors of 40693.
40693
List the prime factors of 1107.
3, 41
What are the prime factors of 7376?
2, 461
What are the prime factors of 526?
2, 263
What are the prime factors of 49741?
49741
List the prime factors of 6203.
6203
What are the prime factors of 29763?
3, 3307
List the prime factors of 230.
2, 5, 23
List the prime factors of 3805.
5, 761
List the prime factors of 261.
3, 29
What are the prime factors of 6251?
7, 19, 47
List the prime factors of 707.
7, 101
List the prime factors of 1705.
5, 11, 31
What are the prime factors of 2109?
3, 19, 37
List the prime factors of 4763.
11, 433
What are the prime factors of 21?
3, 7
What are the prime factors of 905?
5, 181
What are the prime factors of 951?
3, 317
List the prime factors of 55252.
2, 19, 727
What are the prime factors of 6021?
3, 223
What are the prime factors of 960?
2, 3, 5
What are the prime factors of 1435?
5, 7, 41
What are the prime factors of 18696?
2, 3, 19, 41
List the prime factors of 840.
2, 3, 5, 7
List the prime factors of 21242.
2, 13, 19, 43
List the prime factors of 24761.
11, 2251
What are the prime factors of 3611?
23, 157
List the prime factors of 6734.
2, 7, 13, 37
List the prime factors of 772.
2, 193
List the prime factors of 43772.
2, 31, 353
What are the prime factors of 64449?
3, 7, 11, 31
What are the prime factors of 83950?
2, 5, 23, 73
What are the prime factors of 3748?
2, 937
List the prime factors of 1477.
7, 211
What are the prime factors of 12483?
3, 19, 73
List the prime factors of 16368.
2, 3, 11, 31
List the prime factors of 1844.
2, 461
List the prime factors of 144669.
3, 7, 83
What are the prime factors of 152057?
19, 53, 151
List the prime factors of 57018.
2, 3, 13, 17, 43
List the prime factors of 22563.
3, 23, 109
What are the prime factors of 45762?
2, 3, 29, 263
List the prime factors of 779.
19, 41
List the prime factors of 2610.
2, 3, 5, 29
What are the prime factors of 2154?
2, 3, 359
What are the prime factors of 5345?
5, 1069
What are the prime factors of 377?
13, 29
List the prime factors of 3345.
3, 5, 223
What are the prime factors of 13404?
2, 3, 1117
List the prime factors of 2610.
2, 3, 5, 29
List the prime factors of 72985.
5, 11, 1327
List the prime factors of 56982.
2, 3, 9497
What are the prime factors of 34312?
2, 4289
What are the prime factors of 4139?
4139
What are the prime factors of 124713?
3, 31, 149
List the prime factors of 18698.
2, 9349
List the prime factors of 21829.
83, 263
List the prime factors of 7587.
3, 281
List the prime factors of 1652.
2, 7, 59
What are the prime factors of 5148?
2, 3, 11, 13
List the prime factors of 873.
3, 97
List the prime factors of 22890.
2, 3, 5, 7, 109
List the prime factors of 919.
919
List the prime factors of 4897.
59, 83
List the prime factors of 25203.
3, 31, 271
What are the prime factors of 582?
2, 3, 97
List the prime factors of 96699.
3, 32233
What are the prime factors of 103?
103
What are the prime factors of 77360?
2, 5, 967
What are the prime factors of 34209?
3, 7, 181
List the prime factors of 7162.
2, 3581
List the prime factors of 49113.
3, 17, 107
List the prime factors of 18164.
2, 19, 239
List the prime factors of 70801.
101, 701
List the prime factors of 581.
7, 83
What are the prime factors of 31673?
19, 1667
List the prime factors of 52.
2, 13
What are the prime factors of 748?
2, 11, 17
What are the prime factors of 84092?
2, 21023
List the prime factors of 8490.
2, 3, 5, 283
What are the prime factors of 55106?
2, 59, 467
What are the prime factors of 516?
2, 3, 43
What are the prime factors of 3424?
2, 107
What are the prime factors of 4919?
4919
List the prime factors of 2919.
3, 7, 139
List the prime factors of 74730.
2, 3, 5, 47, 53
List the prime factors of 3283.
7, 67
List the prime factors of 1402.
2, 701
List the prime factors of 1057.
7, 151
List the prime factors of 691.
691
What are the prime factors of 3449?
3449
What are the prime factors of 97824?
2, 3, 1019
List the prime factors of 2550.
2, 3, 5, 17
What are the prime factors of 2875?
5, 23
What are the prime factors of 2430?
2, 3, 5
List the prime factors of 1117.
1117
What are the prime factors of 648?
2, 3
What are the prime factors of 19749?
3, 29, 227
What are the prime factors of 1072?
2, 67
What are the prime factors of 32310?
2, 3, 5, 359
List the prime factors of 197.
197
List the prime factors of 4945.
5, 23, 43
What are the prime factors of 1989?
3, 13, 17
What are the prime factors of 12268?
2, 3067
What are the prime factors of 6185?
5, 1237
What are the prime factors of 26998?
2, 13499
List the prime factors of 13742.
2, 6871
List the prime factors of 69708.
2, 3, 37, 157
List the prime factors of 3262.
2, 7, 233
List the prime factors of 29128.
2, 11, 331
List the prime factors of 1649.
17, 97
What are the prime factors of 6165?
3, 5, 137
What are the prime factors of 15593?
31, 503
List the prime factors of 6692.
2, 7, 239
What are the prime factors of 37398?
2, 3, 23, 271
What are the prime factors of 3070?
2, 5, 307
List the prime factors of 767.
13, 59
What are the prime factors of 929?
929
What are the prime factors of 889?
7, 127
List the prime factors of 83651.
23, 3637
List the prime factors of 1852.
2, 463
List the prime factors of 4847.
37, 131
What are the prime factors of 1160?
2, 5, 29
What are the prime factors of 360?
2, 3, 5
What are the prime factors of 180?
2, 3, 5
What are the prime factors of 2164?
2, 541
List the prime factors of 65251.
23, 2837
List the prime factors of 5057.
13, 389
What are the prime factors of 23804?
2, 11, 541
What are the prime factors of 4960?
2, 5, 31
What are the prime factors of 41272?
2, 7, 11, 67
What are the prime factors of 2977?
13, 229
What are the prime factors of 8224?
2, 257
List the prime factors of 2165.
5, 433
List the prime factors of 158817.
3, 167, 317
What are the prime factors of 22167?
3, 821
What are the prime factors of 446?
2, 223
List t